
3
What is the hundred thousands digit of 1880161?
8
What is the units digit of 1142781?
1
What is the thousands digit of 575681?
5
What is the ten thousands digit of 977091?
7
What is the hundreds digit of 202183?
1
What is the tens digit of 13942060?
6
What is the thousands digit of 1779102?
9
What is the thousands digit of 5068225?
8
What is the tens digit of 83618?
1
What is the thousands digit of 15615719?
5
What is the thousands digit of 491930?
1
What is the units digit of 853156?
6
What is the thousands digit of 272254?
2
What is the ten millions digit of 20297553?
2
What is the hundred thousands digit of 2124752?
1
What is the thousands digit of 379857?
9
What is the hundred thousands digit of 325856?
3
What is the tens digit of 15757727?
2
What is the millions digit of 3944856?
3
What is the ten thousands digit of 465578?
6
What is the thousands digit of 6186074?
6
What is the thousands digit of 275601?
5
What is the units digit of 2349537?
7
What is the tens digit of 1461253?
5
What is the hundred thousands digit of 656623?
6
What is the thousands digit of 221667?
1
What is the hundred thousands digit of 402031?
4
What is the hundred thousands digit of 163720?
1
What is the hundreds digit of 731576?
5
What is the thousands digit of 208424?
8
What is the ten thousands digit of 1309457?
0
What is the tens digit of 10005840?
4
What is the hundred thousands digit of 4920088?
9
What is the hundreds digit of 413678?
6
What is the hundred thousands digit of 20107456?
1
What is the thousands digit of 7369120?
9
What is the thousands digit of 13269253?
9
What is the ten thousands digit of 121199?
2
What is the tens digit of 2616454?
5
What is the units digit of 9030352?
2
What is the millions digit of 20920448?
0
What is the hundreds digit of 70412?
4
What is the hundred thousands digit of 10344429?
3
What is the hundreds digit of 164286?
2
What is the thousands digit of 2816190?
6
What is the millions digit of 1772771?
1
What is the units digit of 718499?
9
What is the units digit of 110040?
0
What is the millions digit of 3130611?
3
What is the tens digit of 14713552?
5
What is the units digit of 105070?
0
What is the thousands digit of 168709?
8
What is the hundred thousands digit of 1352681?
3
What is the units digit of 27749?
9
What is the ten thousands digit of 213300?
1
What is the millions digit of 1773836?
1
What is the tens digit of 811355?
5
What is the tens digit of 112618?
1
What is the hundred thousands digit of 298778?
2
What is the units digit of 175319?
9
What is the thousands digit of 648724?
8
What is the hundreds digit of 233020?
0
What is the hundred thousands digit of 395047?
3
What is the hundreds digit of 7847387?
3
What is the thousands digit of 317685?
7
What is the hundred thousands digit of 452530?
4
What is the tens digit of 355176?
7
What is the units digit of 407369?
9
What is the hundreds digit of 63162?
1
What is the hundred thousands digit of 1320112?
3
What is the hundred thousands digit of 298587?
2
What is the units digit of 5563352?
2
What is the tens digit of 6198584?
8
What is the units digit of 946606?
6
What is the hundreds digit of 1459048?
0
What is the ten thousands digit of 7696199?
9
What is the hundreds digit of 2349621?
6
What is the thousands digit of 42919?
2
What is the hundred thousands digit of 1790061?
7
What is the units digit of 340365?
5
What is the hundreds digit of 251029?
0
What is the ten thousands digit of 386915?
8
What is the millions digit of 7874373?
7
What is the hundreds digit of 1009645?
6
What is the tens digit of 424017?
1
What is the units digit of 886362?
2
What is the hundred thousands digit of 1396802?
3
What is the units digit of 7120047?
7
What is the hundreds digit of 23324623?
6
What is the ten thousands digit of 92217?
9
What is the units digit of 12218863?
3
What is the thousands digit of 202334?
2
What is the units digit of 568876?
6
What is the hundreds digit of 1458832?
8
What is the tens digit of 1381074?
7
What is the hundreds digit of 705131?
1
What is the tens digit of 953077?
7
What is the thousands digit of 6892679?
2
What is the ten thousands digit of 1561501?
6
What is the ten thousands digit of 677385?
7
What is the tens digit of 2470567?
6
What is the units digit of 8807259?
9
What is the thousands digit of 426579?
6
What is the units digit of 191104?
4
What is the thousands digit of 603317?
3
What is the millions digit of 6660739?
6
What is the thousands digit of 124863?
4
What is the tens digit of 884935?
3
What is the thousands digit of 352532?
2
What is the ten thousands digit of 23206159?
0
What is the thousands digit of 139871?
9
What is the tens digit of 197412?
1
What is the hundred thousands digit of 293459?
2
What is the units digit of 589018?
8
What is the thousands digit of 1881281?
1
What is the units digit of 3887236?
6
What is the hundreds digit of 5258112?
1
What is the hundreds digit of 68850?
8
What is the tens digit of 1826797?
9
What is the units digit of 3063959?
9
What is the ten millions digit of 11063586?
1
What is the tens digit of 999532?
3
What is the thousands digit of 1116561?
6
What is the millions digit of 3500790?
3
What is the thousands digit of 173708?
3
What is the thousands digit of 30879260?
9
What is the ten thousands digit of 21226208?
2
What is the ten thousands digit of 289560?
8
What is the ten thousands digit of 5557965?
5
What is the thousands digit of 7220683?
0
What is the units digit of 1110816?
6
What is the thousands digit of 336735?
6
What is the thousands digit of 496979?
6
What is the units digit of 21445755?
5
What is the millions digit of 18700318?
8
What is the tens digit of 760976?
7
What is the tens digit of 1009996?
9
What is the ten thousands digit of 26999462?
9
What is the units digit of 2705?
5
What is the hundreds digit of 54728?
7
What is the hundred thousands digit of 3696889?
6
What is the hundred thousands digit of 510597?
5
What is the tens digit of 173007?
0
What is the tens digit of 209527?
2
What is the millions digit of 3944400?
3
What is the tens digit of 11147952?
5
What is the hundreds digit of 450866?
8
What is the ten thousands digit of 9457851?
5
What is the millions digit of 1303164?
1
What is the tens digit of 370425?
2
What is the units digit of 504240?
0
What is the hundreds digit of 1426353?
3
What is the tens digit of 278708?
0
What is the units digit of 5589?
9
What is the hundred thousands digit of 7699572?
6
What is the ten thousands digit of 12703771?
0
What is the ten thousands digit of 272165?
7
What is the ten millions digit of 18613059?
1
What is the millions digit of 13445073?
3
What is the tens digit of 15019184?
8
What is the thousands digit of 143047?
3
What is the thousands digit of 274235?
4
What is the thousands digit of 1102321?
2
What is the ten thousands digit of 286320?
8
What is the hundreds digit of 10392?
3
What is the units digit of 21601607?
7
What is the units digit of 215359?
9
What is the ten thousands digit of 5099600?
9
What is the tens digit of 128354?
5
What is the ten thousands digit of 4170091?
7
What is the units digit of 9023193?
3
What is the tens digit of 22873384?
8
What is the hundreds digit of 241014?
0
What is the hundreds digit of 781075?
0
What is the hundred thousands digit of 211008?
2
What is the units digit of 565182?
2
What is the hundred thousands digit of 4867532?
8
What is the tens digit of 1621390?
9
What is the ten thousands digit of 594864?
9
What is the ten millions digit of 21409530?
2
What is the thousands digit of 4431652?
1
What is the hundreds digit of 5554591?
5
What is the hundreds digit of 4301833?
8
What is the thousands digit of 952729?
2
What is the tens digit of 219?
1
What is the ten thousands digit of 863194?
6
What is the units digit of 3553?
3
What is the units digit of 124782?
2
What is the units digit of 783296?
6
What is the millions digit of 4421686?
4
What is the hundreds digit of 5608126?
1
What is the millions digit of 1366334?
1
What is the hundreds digit of 4109065?
0
What is the tens digit of 4398251?
5
What is the tens digit of 12436470?
7
What is the ten thousands digit of 3610939?
1
What is the thousands digit of 4220045?
0
What is the millions digit of 1384605?
1
What is the hu